2/16). Suppose -5*x + 16 = v, 4*x + 149 = k. List the prime factors of k.
157
What are the prime factors of 25579 + 96/(-12) + 24/(-4)?
5, 5113
Let y(a) = 2*a**3 - 39*a**2 - 36*a + 190. What are the prime factors of y(27)?
11, 13, 71
Suppose j - 20 = -2. Suppose t + 0*t + 5*z - j = 0, t - 5*z = -12. Suppose -t*n + 100 = x + 2*n, 4*n = 4*x - 376. What are the prime factors of x?
5, 19
Let w be (6 - 0/(-2)) + (-12)/6. Suppose -3*k + w*k - 12 = 2*j, -j + 16 = 5*k. Suppose 20 = k*u, 4*q - 277 = 2*u - 11. List the prime factors of q.
3, 23
Suppose 124*j - 225*j - 140385 = -122*j. List the prime factors of j.
5, 7, 191
Let x(f) = 28*f**2 - 51*f - 49. Let v be x(-1). Let p be (-7)/5 - 2/(-5). List the prime factors of (p + -101)/((-45)/v).
2, 17
Let i be (-244)/(-2) + (5 - 4). Suppose 3*t - 324 - 300 = 0. Let l = t - i. List the prime factors of l.
5, 17
Suppose -23*g = -108 - 191. Suppose -20*c = -g*c - 2534. List the prime factors of c.
2, 181
List the prime factors of (-2)/(-4)*(-5)/(95/(-2094218)).
7, 7873
Let w be (25/75 + (-2)/(-3))*-298. List the prime factors of (w - -6)/4*-3.
3, 73
Let n(b) = -200*b + 102*b + 113*b - 9. Suppose 7 = -2*p + 19. What are the prime factors of n(p)?
3
Let t = -849 - -858. Suppose 2*n = t*n - 5005. What are the prime factors of n?
5, 11, 13
Suppose 4*q - 3*v - 11 = 0, 3*q - 2*v - 10 = -q. Let r = q - -305. List the prime factors of r.
307
Suppose i + 4 - 80 = 0. Let z = i - -400. What are the prime factors of z?
2, 7, 17
Let l(r) = r**3 + 22*r**2 - 4*r - 86. Let x be l(-22). Suppose -o - 371 = -x*o - 3*p, -5*o + 1799 = p. List the prime factors of o.
359
Suppose 5*p - 8*p + 2*h = -1152, 5*h - 367 = -p. Suppose 69*j + p = 70*j. What are the prime factors of j?
2, 191
Let j = 17915 - -6728. List the prime factors of j.
19, 1297
What are the prime factors of 1/3*(-15 + 3)/(18/(-188667))?
2, 20963
Let t(k) = 3*k**2 + 2*k + 2. Let l be t(2). List the prime factors of (-1 + l*-10)/(7/(-14)).
2, 181
What are the prime factors of 9/(-27)*(-12)/14 + (-7528)/(-14)?
2, 269
Suppose 0 = 106*a - 24*a - 237882. List the prime factors of a.
3, 967
Suppose 12*r - 10025 = 4319 + 31124. What are the prime factors of r?
3, 421
Let b(s) = 2*s**2 + 18*s - 12. Let f be b(-10). Let h be (-18)/f*112/(-6) + -1. Suppose 2*z + 4*w = 32, 3*w + h = z - 0*w. List the prime factors of z.
2, 13
Suppose -4*z + 0*z = 4*j, -3*j = -3*z. Let o be z/(6/3) - -7. Suppose -1325 = -12*r + o*r. List the prime factors of r.
5, 53
Let n be 12/9*30*(-12)/(-16). Suppose 5*i + 155 = n. List the prime factors of 5/(i/(-4))*305.
2, 61
Suppose 0 = -22*n + 32*n - 20. Suppose n*o + 136 - 472 = 0. List the prime factors of o.
2, 3, 7
Suppose -81*h + 375359 + 258952 = 0. What are the prime factors of h?
41, 191
Let y(g) = 2*g + 37. Let c be y(-16). Suppose 3 = 4*r - c. List the prime factors of (-3)/(-3*r/200).
2, 5
Suppose 0 = -p - 4. Let c be (-38 + -2)*(-74)/(p/(-2)). Suppose r + 4*r - c = 0. List the prime factors of r.
2, 37
Suppose 21*s + 36231 = -18*s. Let j = -422 - s. List the prime factors of j.
3, 13
Let l = -622 + 831. Suppose -4*n - 1045 = -5*d, d - 11*n + 13*n = l. What are the prime factors of d?
11, 19
Let f = 602 + -612. List the prime factors of (-69)/115 - 5566/f.
2, 139
Let r(c) = 136*c**2 - 44*c - 14. List the prime factors of r(7).
2, 3, 7, 151
Let x(k) = 743*k**2 + 33*k - 6. List the prime factors of x(2).
2, 379
Let s = 21635 + -19635. What are the prime factors of s?
2, 5
Let v(a) = -15370*a - 2109. What are the prime factors of v(-3)?
3, 4889
Let f(o) = o**3 - 2*o + 1. Let h(d) = 2*d**2 - 4*d - 2. Let z(y) = 3*y - 10. Let n be z(3). Let x be h(n). What are the prime factors of f(x)?
3, 19
Suppose 183 = -23*y - 24. Let d = y - -52. What are the prime factors of d?
43
Let i(m) = -m**2 + m - 1. Let d(u) = 4*u**2 - 16*u + 60. Let n(r) = -d(r) - 5*i(r). List the prime factors of n(22).
11, 61
Let f(z) = z**2 - 23*z + 45. Let v be f(2). Suppose -8*x = -y - 3*x + 217, 0 = 5*y + v*x - 1085. What are the prime factors of y?
7, 31
Let i = 3854 - -3290. What are the prime factors of i?
2, 19, 47
Let g = 178 + -85. Suppose 5*i - 7 = g. Suppose -2*w - i = 4*y - 282, 4*w - 546 = 3*y. List the prime factors of w.
3, 5
Let g be (0/1)/(((-35)/7)/5). Suppose g*r = -2*r + 58. Suppose 7*u = -r + 85. What are the prime factors of u?
2
Let x be (24 - 0)/6 - 8. List the prime factors of x - 535/(-10)*(1 + 1).
103
Suppose 7 = -z - 3. Let b be 3*(z/2)/5. List the prime factors of (-44)/2*b - 2.
2
Let f(k) = k**2 + 19*k + 20. Let t be f(-18). Let g(c) = -13 + 7 + 14*c**t - c**2 - c**3 + 11*c + 5*c. What are the prime factors of g(14)?
2, 11
Let z be -1 + 6 + (-6 - (11 - -11)). Let r = -469 + 295. Let p = z - r. What are the prime factors of p?
151
Let b(z) = -z**3 + 23*z**2 - 20*z - 48. Let d be b(22). Let c(k) = -14 - 15*k + 0*k - k + 2*k. List the prime factors of c(d).
2, 3, 7
Suppose 5*r - 6*k + 7*k = 6319, -3*r + 3769 = -5*k. List the prime factors of r.
3, 421
Let a(m) = -5*m**2 - 9*m + 135. Let o(x) = -3*x**2 - 6*x + 90. Let s(c) = -5*a(c) + 8*o(c). What are the prime factors of s(-13)?
11, 23
Suppose -25*w + 5775 - 20150 = 0. Let x = w + 1107. List the prime factors of x.
2, 7, 19
Let n be (4/(-3))/(34/(-51)). Suppose -n*x - 9*x + 836 = 0. Let a = x + -44. List the prime factors of a.
2
Let g(q) = 2*q**2 - 12*q + 25. Let t be g(6). Suppose 21696 = t*a - a. What are the prime factors of a?
2, 113
Let v = -104638 - -173306. What are the prime factors of v?
2, 17167
Let v(c) = 2*c - 1. Let j be v(-3). Suppose 0*l - r = 3*l - 168, -3*r = -9. Let d = j + l. List the prime factors of d.
2, 3
Suppose 14*n + 15*n - 324917 = 27752. List the prime factors of n.
12161
Let t = -19188 - -33174. What are the prime factors of t?
2, 3, 7, 37
Let u(x) be the third derivative of -263*x**6/120 + x**5/30 - x**3/3 + 7*x**2 - 2. What are the prime factors of u(-1)?
263
Let w(l) = 1431*l**2 - 691*l - 3431. List the prime factors of w(-5).
3, 11933
Let f(w) = 2*w**3 - 2*w**2 + 6*w + 20. Let r be f(-6). Let g = r - -830. List the prime factors of g.
2, 5, 31
Let i be (-264)/36*3*1. Let z be 0*(-33)/i*(-1)/(-6). List the prime factors of -1*(z - -4) + 77.
73
Suppose 5*s - 6*s + 8 = 0. Let g(t) = t**3 - 10*t**2 + 4*t - 3. Let a be g(s). Let z = -80 - a. List the prime factors of z.
19
Suppose 0 = 2*g + 3*w + 301 - 835, 5*g = w + 1335. Suppose 680 = -5*t - 0*t. Let i = t + g. List the prime factors of i.
131
Suppose 3*y = -j - 2, -5*j - 3*y - 2 = -4. Suppose 0 = 4*h - 3*h - j, 734 = c - 2*h. Suppose 6*s + c = 14*s. List the prime factors of s.
2, 23
Let v(i) = -5*i**3 - 22*i**2 + 17*i - 8. Let h(s) = 4*s**3 + 21*s**2 - 16*s + 8. Let n(k) = 4*h(k) + 3*v(k). List the prime factors of n(-17).
2, 7, 37
What are the prime factors of ((-7)/(56/40) + 134)*102?
2, 3, 17, 43
Let x(r) = -r**2 - 8*r + 13. Let w be 1 - (10 - (3 + -3)). Let z be x(w). Suppose 0 = z*f - 5*p - 193, f = 4*p + p + 67. What are the prime factors of f?
2, 3, 7
Suppose 2*i - 32 = -2*f, 5*i - 9*f = -10*f + 92. Let m(c) = -c**3 - 5*c**2 + c + 6. Let u be m(-5). List the prime factors of u/(-2 + 3)*i.
19
Suppose -2812 = -15*o - 22*o. Suppose 3*q + 26 = r - 26, 0 = -3*r + 5*q + 168. Let v = o - r. What are the prime factors of v?
3, 5
Let d = -37051 - -51991. Suppose 12*v - d = -3*v. List the prime factors of v.
2, 3, 83
Suppose 3*m + 4*q - 4202 = 0, -5*m + m = 3*q - 5612. Suppose 4*i - 2*a - m = 0, -15*i - a + 1775 = -10*i. What are the prime factors of i?
2, 3, 59
Suppose x - 34 = 2*v + 3*v, 4*v = -x - 29. Let w(n) = -8*n**2 + 4*n - 4. Let l(i) = i**2 + 1. Let m(u) = 18*l(u) + 2*w(u). What are the prime factors of m(v)?
2, 13
Suppose 46*i - 48*i + 180 = 0. Suppose -v - 5*q = -232, q - i = 5*v - 1224. What are the prime factors of v?
227
What are the prime factors of (-1 - -52797) + (-180 - -185)?
7, 19, 397
List the prime factors of (-96000)/(-20)*(5 - (-18)/(-4)).
2, 3, 5
Let m = -213 - -425. Let p be 6*-1*(-1 - 4/(-12)). Suppose 8*a - p*a = m. List the prime factors of a.
53
Suppose -h = -3*g - 856, -5*h - 9*g + 4334 = -6*g. Suppose -h = 4*n + m - 285, m = -2*n - 288. List the prime factors of 60/24*n/(-5).
73
Suppose -2*r + 4*h + 23 = r, -r + h + 6 = 0. List the prime factors of 0/r + 94*(2 + 0).
2, 47
Let y = -124 + 1